{"id":73919,"date":"2021-04-02T10:32:23","date_gmt":"2021-04-02T08:32:23","guid":{"rendered":"https:\/\/www.renovart-ouvertures.fr\/boutique\/produit\/porte-de-garage-enroulable-sur-mesure\/"},"modified":"2021-06-30T14:48:57","modified_gmt":"2021-06-30T12:48:57","slug":"porte-de-garage-enroulable-sur-mesure","status":"publish","type":"product","link":"https:\/\/www.renovart-ouvertures.fr\/boutique\/produit\/produits-sur-mesure\/portes-de-garage-sur-mesure\/porte-de-garage-enroulable-sur-mesure\/","title":{"rendered":"Porte de garage enroulable sur-mesure"},"content":{"rendered":"<p><span style=\"text-decoration: underline;\">Porte de garage Enroulable<\/span>\u00a0: \u00e0 usage d\u2019habitation (non collectif) et donnant sur une voie priv\u00e9e. Conforme \u00e0 la norme NF EN 12453 en vigueur<\/p>\n<p><span style=\"text-decoration: underline;\">Coffre (caisson)<\/span>\u00a0: Forme \u00e0 pan coup\u00e9 en aluminium laqu\u00e9 de 300mm hauteur x 300mm de profondeur (300mm = retomb\u00e9e de linteau n\u00e9cessaire au-dessus de l\u2019ouverture \u00e0 l\u2019int\u00e9rieur du garage pour emplacement du coffre)<\/p>\n<p><span style=\"text-decoration: underline;\">Coulisses (rails)<\/span>\u00a0: En aluminium laqu\u00e9 de 110mm de large x 35mm de profondeur (110mm = \u00e9coin\u00e7on n\u00e9cessaire de part et d\u2019autre de l\u2019ouverture \u00e0 l\u2019int\u00e9rieur du garage pour emplacement des coulisses)<\/p>\n<p><span style=\"text-decoration: underline;\">Tablier (lames)<\/span>\u00a0: En aluminium laqu\u00e9 de 77mm de hauteur x 19mm d\u2019\u00e9paisseur inject\u00e9es de mousse isolante<\/p>\n<p>&nbsp;<\/p>\n<p><span style=\"text-decoration: underline;\">Motorisation<\/span>\u00a0: Radio sans fil de marque\u00a0<strong>SOMFY<\/strong> \u00ae \u00e9quip\u00e9e de 2 t\u00e9l\u00e9commandes portables 4 canaux fournies,\u00a0<strong>technologie IO Home control. Compatibilit\u00e9 maison connect\u00e9e (gr\u00e2ce au bo\u00eetier TaHoma Switch\u00ae ou Connexoon\u00ae) pour pilotage \u00e0 distance via un smartphone ou un assistant vocal (Google Home \u00ae ou Amazon Echo \u00ae)<\/strong><\/p>\n<p><span style=\"text-decoration: underline;\">S\u00e9curit\u00e9<\/span>\u00a0: A la fermeture par\u00a0<strong>barre palpeuse optique (arr\u00eat sur obstacle puis remont\u00e9e automatique pour d\u00e9gagement)\u00a0 +<\/strong>\u00a0<strong>syst\u00e8me de parechute du tablier<\/strong>\u00a0int\u00e9gr\u00e9 (\u00e9vitant l\u2019effet \u00ab\u00a0guillotine\u00a0\u00bb si rupture de la liaison tablier\/axe \u00e0 l\u2019int\u00e9rieur du coffre)<\/p>\n<p>&nbsp;<\/p>\n<p><span style=\"text-decoration: underline;\">Man\u0153uvre de secours<\/span>\u00a0: Int\u00e9rieure par tringle oscillante (manivelle) positionn\u00e9e c\u00f4t\u00e9 moteur<\/p>\n<p>&nbsp;<\/p>\n<p><span style=\"text-decoration: underline;\">Type de pose<\/span>\u00a0: En applique int\u00e9rieure (\u00e0 l\u2019int\u00e9rieur du garage\u00a0: coffre et coulisses en plus des dimensions de l\u2019ouverture). Si autre type de pose\u00a0: nous consulter<\/p>\n<p><span style=\"text-decoration: underline;\">\u00a0<\/span><\/p>\n<p><span style=\"text-decoration: underline;\">Prestations incluses<\/span> : Prise de contact t\u00e9l\u00e9phonique pour validation technique (c\u00f4t\u00e9 du moteur, etc.) + livraison<\/p>\n<p><span style=\"text-decoration: underline;\">TVA<\/span>\u00a0: 20%<\/p>\n<p><span style=\"text-decoration: underline;\">Info<\/span>\u00a0: Si porte donnant sur voie publique\u00a0: nous consulter car obligation d\u2019ajouter les options feu clignotant orange + cellule de d\u00e9tection photo\u00e9lectrique<\/p>\n","protected":false},"excerpt":{"rendered":"<p>Configurez votre porte de garage enroulable sur-mesure !<\/p>\n<p>Les dimensions pr\u00e9cises vous seront demand\u00e9es lors d&#8217;une validation technique par t\u00e9l\u00e9phone (ou lors du m\u00e9tr\u00e9 si vous choisissez cette option lors du passage de commande)<\/p>\n[gallery link=\"none\" ids=\"125654,163797,125652\"]\n","protected":false},"featured_media":75821,"comment_status":"open","ping_status":"closed","template":"","meta":[],"product_cat":[424],"product_tag":[],"class_list":["post-73919","product","type-product","status-publish","has-post-thumbnail","hentry","product_cat-portes-de-garage-sur-mesure"],"composite_layout":"paged","composite_add_to_cart_form_location":"after_summary","composite_editable_in_cart":true,"composite_sold_individually_context":"product","composite_shop_price_calc":"defaults","composite_components":[{"id":"1617793757","title":"Caract\u00e9ristiques principales","description":"","query_type":"product_ids","query_ids":[70962],"default_option_id":70962,"thumbnail_id":"","thumbnail_src":"","quantity_min":1,"quantity_max":1,"priced_individually":true,"shipped_individually":true,"optional":false,"discount":"","options_style":"dropdowns","pagination_style":"classic","display_prices":"absolute","show_sorting_options":false,"show_filtering_options":false,"attribute_filter_ids":[],"product_title_visible":false,"product_descr_visible":true,"product_price_visible":true,"product_thumb_visible":false,"subtotal_visible_product":true,"subtotal_visible_cart":true,"subtotal_visible_orders":true},{"id":"1617793758","title":"Personnalisation","description":"","query_type":"product_ids","query_ids":[70963],"default_option_id":70963,"thumbnail_id":"","thumbnail_src":"","quantity_min":1,"quantity_max":1,"priced_individually":true,"shipped_individually":true,"optional":false,"discount":"","options_style":"dropdowns","pagination_style":"classic","display_prices":"absolute","show_sorting_options":false,"show_filtering_options":false,"attribute_filter_ids":[],"product_title_visible":false,"product_descr_visible":true,"product_price_visible":true,"product_thumb_visible":false,"subtotal_visible_product":true,"subtotal_visible_cart":true,"subtotal_visible_orders":true},{"id":"1617793829","title":"Options","description":"","query_type":"product_ids","query_ids":[70964],"default_option_id":70964,"thumbnail_id":"","thumbnail_src":"","quantity_min":1,"quantity_max":1,"priced_individually":true,"shipped_individually":true,"optional":false,"discount":"","options_style":"dropdowns","pagination_style":"classic","display_prices":"absolute","show_sorting_options":false,"show_filtering_options":false,"attribute_filter_ids":[],"product_title_visible":false,"product_descr_visible":true,"product_price_visible":true,"product_thumb_visible":false,"subtotal_visible_product":true,"subtotal_visible_cart":true,"subtotal_visible_orders":true}],"composite_scenarios":[],"_links":{"self":[{"href":"https:\/\/www.renovart-ouvertures.fr\/boutique\/wp-json\/wp\/v2\/product\/73919","targetHints":{"allow":["GET"]}}],"collection":[{"href":"https:\/\/www.renovart-ouvertures.fr\/boutique\/wp-json\/wp\/v2\/product"}],"about":[{"href":"https:\/\/www.renovart-ouvertures.fr\/boutique\/wp-json\/wp\/v2\/types\/product"}],"replies":[{"embeddable":true,"href":"https:\/\/www.renovart-ouvertures.fr\/boutique\/wp-json\/wp\/v2\/comments?post=73919"}],"wp:featuredmedia":[{"embeddable":true,"href":"https:\/\/www.renovart-ouvertures.fr\/boutique\/wp-json\/wp\/v2\/media\/75821"}],"wp:attachment":[{"href":"https:\/\/www.renovart-ouvertures.fr\/boutique\/wp-json\/wp\/v2\/media?parent=73919"}],"wp:term":[{"taxonomy":"product_cat","embeddable":true,"href":"https:\/\/www.renovart-ouvertures.fr\/boutique\/wp-json\/wp\/v2\/product_cat?post=73919"},{"taxonomy":"product_tag","embeddable":true,"href":"https:\/\/www.renovart-ouvertures.fr\/boutique\/wp-json\/wp\/v2\/product_tag?post=73919"}],"curies":[{"name":"wp","href":"https:\/\/api.w.org\/{rel}","templated":true}]}}