{"id":168163,"date":"2021-09-16T16:36:54","date_gmt":"2021-09-16T14:36:54","guid":{"rendered":"https:\/\/www.renovart-ouvertures.fr\/boutique\/produit\/non%20class\u00e9\/volet-roulant-construction\/"},"modified":"2021-10-26T14:49:30","modified_gmt":"2021-10-26T12:49:30","slug":"volet-roulant-sans-coffre-sur-mesure-construction","status":"publish","type":"product","link":"https:\/\/www.renovart-ouvertures.fr\/boutique\/produit\/produits-sur-mesure\/volets-roulants-sur-mesure\/volets-roulants-sur-mesure-construction\/volet-roulant-sans-coffre-sur-mesure-construction\/","title":{"rendered":"Volet roulant sans coffre sur-mesure &#8211; Construction"},"content":{"rendered":"<p><u>Volet roulant pour construction neuve<\/u> : Fabrication fran\u00e7aise.<\/p>\n<p><u>Coulisses (rails)<\/u>: En aluminium 40x28mm \u00e0 l\u2019esth\u00e9tique galb\u00e9e \u00e9quip\u00e9es de joints quipermettent d\u2019obtenir une occultation renforc\u00e9e et de limiter fortement lebruit lorsqu\u2019il y a du vent. Coulisses 55x28mm \u00e0 l\u2019esth\u00e9tique plate pour grandes dimensions (utilisation des lames 56x12mm)<\/p>\n<p><u>Lames<\/u>: En aluminium double paroi inject\u00e9es de mousse isolante (DR + 0.15W\/m\u00b2\u00b0k). Plusieurs dimensions de lames selon les dimensions et caract\u00e9ristiques du volet (39x8mm, 45x8mm, 56x12mm)<\/p>\n<p><u>\u00c9tanch\u00e9it\u00e9<\/u>: Joints sur les coulisses assurant une finition parfaite et une \u00e9tanch\u00e9it\u00e9lat\u00e9rale + joint sur lame finale<\/p>\n<p><u>S\u00e9curit\u00e9<\/u>: Bloqueurs automatiques emp\u00eachant le soul\u00e8vement lorsque le volet est ferm\u00e9<\/p>\n<p><u>Man\u0153uvre<\/u>: Motorisation filaire, radio ou solaire. Bouton individuel fourni avecchaque volet roulant<\/p>\n<p><u>Performances<\/u>: Volet lab\u00e9lis\u00e9 VEMCROS : r\u00e9sistance au Vent (de 56 \u00e0 113 km\/h, Endurance (de 7 000 \u00e0 14 000 cycles, 1 cycle = 1 mont\u00e9e + 1 descente, soit un minimum de 20 ans d\u2019utilisation), Man\u0153uvre (mesure de l\u2019effort en fonctionnement normal ainsi que les man\u0153uvres brutales), Chocs (capacit\u00e9 de fonctionnement suite \u00e0 des chocs), Rayonnement solaire (test de d\u00e9formation \u00e0 la dilatation), Occultation (mesure du passage de la lumi\u00e8re), Sel (capacit\u00e9 \u00e0 conserver le bon fonctionnement et l\u2019aspect g\u00e9n\u00e9ral face \u00e0 l\u2019alt\u00e9ration du sel). Classification variable selon les dimensions du volet roulant<\/p>\n<p><u>Types de pose<\/u>: Dans coffre tunnel (id\u00e9al pour les constructions neuves)<\/p>\n<p><u>Prestations incluses<\/u>: Prise de contact t\u00e9l\u00e9phonique pour validation technique (c\u00f4t\u00e9 du moteur,etc.) + livraison<\/p>\n<p><u>TVA<\/u>: 20%<\/p>\n","protected":false},"excerpt":{"rendered":"<p>Configurez votre volet roulant sur-mesure !<\/p>\n<p>Les dimensions pr\u00e9cises vous seront demand\u00e9es lors d&#8217;une validation technique par t\u00e9l\u00e9phone (ou lors du m\u00e9tr\u00e9 si vous choisissez cette option lors du passage de commande)<\/p>\n[gallery link=\"none\" ids=\"125654,163797\"]\n","protected":false},"featured_media":169728,"comment_status":"open","ping_status":"closed","template":"","meta":[],"product_cat":[425,433],"product_tag":[],"class_list":["post-168163","product","type-product","status-publish","has-post-thumbnail","hentry","product_cat-volets-roulants-sur-mesure","product_cat-volets-roulants-sur-mesure-construction"],"composite_layout":"paged","composite_add_to_cart_form_location":"after_summary","composite_editable_in_cart":true,"composite_sold_individually_context":"product","composite_shop_price_calc":"defaults","composite_components":[{"id":"1631812108","title":"Caract\u00e9ristiques principales","description":"","query_type":"product_ids","query_ids":[164515],"default_option_id":164515,"thumbnail_id":"","thumbnail_src":"","quantity_min":1,"quantity_max":1,"priced_individually":true,"shipped_individually":true,"optional":false,"discount":"","options_style":"dropdowns","pagination_style":"classic","display_prices":"absolute","show_sorting_options":false,"show_filtering_options":false,"attribute_filter_ids":[],"product_title_visible":false,"product_descr_visible":true,"product_price_visible":true,"product_thumb_visible":false,"subtotal_visible_product":true,"subtotal_visible_cart":true,"subtotal_visible_orders":true},{"id":"1631812109","title":"Personnalisation","description":"","query_type":"product_ids","query_ids":[164519],"default_option_id":164519,"thumbnail_id":"","thumbnail_src":"","quantity_min":1,"quantity_max":1,"priced_individually":true,"shipped_individually":true,"optional":false,"discount":"","options_style":"dropdowns","pagination_style":"classic","display_prices":"absolute","show_sorting_options":false,"show_filtering_options":false,"attribute_filter_ids":[],"product_title_visible":false,"product_descr_visible":true,"product_price_visible":true,"product_thumb_visible":false,"subtotal_visible_product":true,"subtotal_visible_cart":true,"subtotal_visible_orders":true},{"id":"1631812110","title":"Options","description":"","query_type":"product_ids","query_ids":[164520],"default_option_id":164520,"thumbnail_id":"","thumbnail_src":"","quantity_min":1,"quantity_max":1,"priced_individually":true,"shipped_individually":true,"optional":false,"discount":"","options_style":"dropdowns","pagination_style":"classic","display_prices":"absolute","show_sorting_options":false,"show_filtering_options":false,"attribute_filter_ids":[],"product_title_visible":false,"product_descr_visible":true,"product_price_visible":true,"product_thumb_visible":false,"subtotal_visible_product":true,"subtotal_visible_cart":true,"subtotal_visible_orders":true},{"id":"1631812111","title":"Options","description":"","query_type":"product_ids","query_ids":[164521],"default_option_id":164521,"thumbnail_id":"","thumbnail_src":"","quantity_min":1,"quantity_max":1,"priced_individually":true,"shipped_individually":true,"optional":false,"discount":"","options_style":"dropdowns","pagination_style":"classic","display_prices":"absolute","show_sorting_options":false,"show_filtering_options":false,"attribute_filter_ids":[],"product_title_visible":false,"product_descr_visible":true,"product_price_visible":true,"product_thumb_visible":false,"subtotal_visible_product":true,"subtotal_visible_cart":true,"subtotal_visible_orders":true}],"composite_scenarios":[{"id":"1631882459","name":"Filaire","description":"","configuration":[{"component_id":"1631812108","component_options":[168619,168620,168621,168622,168623,168624,168625,168626,168627,168628,168629,168630,168631,168632,168633,168634,168635,168636,168637,168638,168639,168640,168641,168642,168643,168644,168645,168646,168647,168648,168679,168680,168681,168682,168683,168684,168685,168686,168687,168688,168689,168690,168691,168692,168693,168694,168695,168696,168697,168698,168699,168700,168701,168702,168703,168704,168705,168706,168707,168708,168739,168740,168741,168742,168743,168744,168745,168746,168747,168748,168749,168750,168751,168752,168753,168754,168755,168756,168757,168758,168759,168760,168761,168762,168763,168764,168765,168766,168767,168768,168795,168796,168797,168798,168799,168800,168801,168802,168803,168804,168805,168806,168807,168808,168809,168810,168811,168812,168813,168814,168815,168816,168817,168818,168819,168820,168821,168822,168823,168824,168855,168856,168857,168858,168859,168860,168861,168862,168863,168864,168865,168866,168867,168868,168869,168870,168871,168872,168873,168874,168875,168876,168877,168878,168879,168880,168881,168882,168883],"options_modifier":"in"},{"component_id":"1631812109","component_options":[0],"options_modifier":"masked"},{"component_id":"1631812110","component_options":[0],"options_modifier":"masked"},{"component_id":"1631812111","component_options":[0],"options_modifier":"masked"}],"actions":[{"action_id":"compat_group","is_active":true,"action_data":[]},{"action_id":"conditional_components","is_active":true,"action_data":{"hidden_components":["1631812110","1631812111"]}}],"enabled":false},{"id":"1631882460","name":"SOMFY","description":"","configuration":[{"component_id":"1631812108","component_options":[168884,168915,168916,168917,168918,168919,168920,168921,168922,168923,168924,168925,168926,168927,168928,168929,168930,168931,168932,168933,168934,168935,168936,168937,168938,168939,168940,168941,168942,168943,168944,168975,168976,168977,168978,168979,168980,168981,168982,168983,168984,168985,168986,168987,168988,168989,168990,168991,168992,168993,168994,168995,168996,168997,168998,168999,169000,169001,169002,169003,169004,169065,169066,169067,169068,169069,169070,169071,169072,169073,169074,169075,169076,169077,169078,169079,169080,169081,169082,169083,169084,169085,169086,169087,169088,169089,169090,169091,169092,169093,169094,169125,169126,169127,169128,169129,169130,169131,169132,169133,169134,169135,169136,169137,169138,169139,169140,169141,169142,169143,169144,169145,169146,169147,169148,169149,169150,169151,169152,169153,169154,169155,169156,169157,169158,169159,169160,169161,169162,169163,169164,169165,169166,169167,169168,169169,169170,169171,169172,169173,169174,169175,169176,169177,169178,169179,169180,169181,169182,169369,169370,169371,169372,169373,169374,169375,169376,169377,169378,169379,169380,169381,169382,169383,169384,169385,169386,169387,169388,169389,169390,169391,169392,169393,169394,169455,169456,169457,169458,169459,169460,169461,169462,169463,169464,169465,169466,169467,169468,169469,169470,169471,169472,169473,169474,169475,169476,169477,169478,169479,169480,169481,169482,169483,169484,169515,169516,169517,169518,169519,169520,169521,169522,169523,169524,169525,169526,169527,169528,169529,169530,169531,169532,169533,169534,169535,169536,169537,169538,169539,169540,169541,169542,169543,169544,169545,169546,169547,169548,169549,169550,169551,169552,169553,169554],"options_modifier":"in"},{"component_id":"1631812109","component_options":[0],"options_modifier":"masked"},{"component_id":"1631812110","component_options":[0],"options_modifier":"masked"},{"component_id":"1631812111","component_options":[0],"options_modifier":"masked"}],"actions":[{"action_id":"compat_group","is_active":true,"action_data":[]},{"action_id":"conditional_components","is_active":true,"action_data":{"hidden_components":["1631812111"]}}],"enabled":false},{"id":"1631882461","name":"AOK","description":"","configuration":[{"component_id":"1631812108","component_options":[169183,169184,169215,169216,169217,169218,169219,169220,169221,169222,169223,169224,169225,169226,169227,169228,169229,169230,169231,169232,169233,169234,169235,169236,169237,169238,169239,169240,169241,169242,169243,169244,169245,169246,169247,169248,169249,169250,169251,169252,169253,169254,169255,169256,169257,169258,169259,169260,169261,169262,169263,169264,169265,169266,169267,169268,169269,169270,169271,169272,169273,169274,169305,169306,169307,169308,169309,169310,169311,169312,169313,169314,169315,169316,169317,169318,169319,169320,169321,169322,169323,169324,169325,169326,169327,169328,169329,169330,169331,169332,169333,169334,169365,169366,169367,169368],"options_modifier":"in"},{"component_id":"1631812109","component_options":[0],"options_modifier":"masked"},{"component_id":"1631812110","component_options":[0],"options_modifier":"masked"},{"component_id":"1631812111","component_options":[0],"options_modifier":"masked"}],"actions":[{"action_id":"compat_group","is_active":true,"action_data":[]},{"action_id":"conditional_components","is_active":true,"action_data":{"hidden_components":["1631812110"]}}],"enabled":false}],"_links":{"self":[{"href":"https:\/\/www.renovart-ouvertures.fr\/boutique\/wp-json\/wp\/v2\/product\/168163","targetHints":{"allow":["GET"]}}],"collection":[{"href":"https:\/\/www.renovart-ouvertures.fr\/boutique\/wp-json\/wp\/v2\/product"}],"about":[{"href":"https:\/\/www.renovart-ouvertures.fr\/boutique\/wp-json\/wp\/v2\/types\/product"}],"replies":[{"embeddable":true,"href":"https:\/\/www.renovart-ouvertures.fr\/boutique\/wp-json\/wp\/v2\/comments?post=168163"}],"wp:featuredmedia":[{"embeddable":true,"href":"https:\/\/www.renovart-ouvertures.fr\/boutique\/wp-json\/wp\/v2\/media\/169728"}],"wp:attachment":[{"href":"https:\/\/www.renovart-ouvertures.fr\/boutique\/wp-json\/wp\/v2\/media?parent=168163"}],"wp:term":[{"taxonomy":"product_cat","embeddable":true,"href":"https:\/\/www.renovart-ouvertures.fr\/boutique\/wp-json\/wp\/v2\/product_cat?post=168163"},{"taxonomy":"product_tag","embeddable":true,"href":"https:\/\/www.renovart-ouvertures.fr\/boutique\/wp-json\/wp\/v2\/product_tag?post=168163"}],"curies":[{"name":"wp","href":"https:\/\/api.w.org\/{rel}","templated":true}]}}